mber?
True
Is 47491 composite?
False
Is 187258 prime?
False
Is 96323 a prime number?
True
Is 57029 a composite number?
True
Is 92629 composite?
True
Is 10211 a composite number?
False
Is 931487 a composite number?
False
Is 36833 composite?
False
Is 2221 prime?
True
Is 236263 prime?
False
Is 2879 composite?
False
Is 3437 a composite number?
True
Is 901691 a prime number?
False
Is 4091 a prime number?
True
Is 16999 a prime number?
False
Is 9863 a composite number?
True
Is 10579 a composite number?
True
Is 1741 prime?
True
Is 403457 composite?
True
Is 3688085 a prime number?
False
Is 4043 a prime number?
False
Is 3027 composite?
True
Is 1471 prime?
True
Is 10029 prime?
False
Is 546503 composite?
True
Is 4751 prime?
True
Is 396827 prime?
False
Is 12799 a composite number?
False
Is 17471 a composite number?
False
Is 17103 a prime number?
False
Is 12149 prime?
True
Is 114467 composite?
False
Is 3019697 a prime number?
True
Is 166435 a prime number?
False
Is 3101 composite?
True
Is 759359 a composite number?
False
Is 8009 a composite number?
False
Is 5873 a prime number?
False
Is 108713 composite?
True
Is 3007 composite?
True
Is 5227 prime?
True
Is 11989 prime?
False
Is 99191 a composite number?
False
Is 68023 prime?
True
Is 36605 a composite number?
True
Is 52627 a prime number?
True
Is 9967 a composite number?
False
Is 93257 prime?
True
Is 45995 prime?
False
Is 75181 a prime number?
True
Is 6119 composite?
True
Is 2633 a composite number?
False
Is 24589 a composite number?
True
Is 254 a prime number?
False
Is 181837 prime?
True
Is 1099 prime?
False
Is 557513 prime?
False
Is 2219 composite?
True
Is 419 composite?
False
Is 14903 prime?
False
Is 135379 a prime number?
False
Is 26933 composite?
True
Is 180953 a composite number?
True
Is 36602 composite?
True
Is 14939 a composite number?
False
Is 169681 prime?
True
Is 2165017 prime?
True
Is 1259026 prime?
False
Is 223403 composite?
False
Is 53689 a prime number?
False
Is 2431879 prime?
True
Is 4553 a prime number?
False
Is 17377 composite?
False
Is 32891 composite?
True
Is 160073 prime?
True
Is 4489 prime?
False
Is 140143 prime?
True
Is 14969 a composite number?
False
Is 82711 composite?
True
Is 10369 a composite number?
False
Is 424939 a prime number?
True
Is 38431 prime?
True
Is 1642 composite?
True
Is 435718 composite?
True
Is 10411 a composite number?
True
Is 32869 a composite number?
False
Is 753 a prime number?
False
Is 692563 a composite number?
True
Is 553 composite?
True
Is 680261 a prime number?
False
Is 248983 a composite number?
True
Is 535 composite?
True
Is 85829 composite?
False
Is 397255 a composite number?
True
Is 7619653 prime?
True
Is 10477 composite?
False
Is 69157 composite?
True
Is 40999 prime?
False
Is 1480811 composite?
False
Is 40459 prime?
True
Is 1507 a prime number?
False
Is 4391 prime?
True
Is 6119 a prime number?
False
Is 909577 prime?
True
Is 25969 a prime number?
True
Is 1677511 a composite number?
True
Is 70799 a composite number?
True
Is 25151 a composite number?
True
Is 117269 a prime number?
True
Is 3570481 a prime number?
True
Is 133481 a prime number?
True
Is 32183 a composite number?
False
Is 1166335 a composite number?
True
Is 61133 a composite number?
True
Is 1052413 composite?
False
Is 59257 a prime number?
False
Is 54533 a composite number?
True
Is 1250423 composite?
True
Is 953 composite?
False
Is 790477 a prime number?
False
Is 18701 prime?
True
Is 154277 a prime number?
True
Is 4927 a composite number?
True
Is 177739 prime?
True
Is 659 a composite number?
False
Is 136061 a prime number?
False
Is 209507 prime?
False
Is 8809 composite?
True
Is 12449 a prime number?
False
Is 217901 composite?
False
Is 36035 a composite number?
True
Is 164191 prime?
True
Is 6737 prime?
True
Is 46589 composite?
False
Is 48847 prime?
True
Is 4201 prime?
True
Is 120031 prime?
False
Is 23977 a composite number?
False
Is 632191 a composite number?
True
Is 1690687 composite?
False
Is 55159 prime?
False
Is 34987 a composite number?
True
Is 32867 prime?
False
Is 122099 a prime number?
True
Is 779 prime?
False
Is 3643 composite?
False
Is 497 prime?
False
Is 155201 prime?
True
Is 8917871 composite?
False
Is 2683 composite?
False
Is 11185 a prime number?
False
Is 10643 a composite number?
True
Is 210757 composite?
True
Is 420891 a composite number?
True
Is 9743 a composite number?
False
Is 382391 prime?
True
Is 126817 a composite number?
True
Is 50311 a composite number?
False
Is 15683 composite?
False
Is 2432429 prime?
True
Is 13198 a prime number?
False
Is 4502 prime?
False
Is 199802 a composite number?
True
Is 11573 prime?
False
Is 41703 composite?
True
Is 1021217 prime?
True
Is 937 a prime number?
True
Is 34669 a prime number?
False
Is 198593 prime?
True
Is 209743 a composite number?
False
Is 6898 prime?
False
Is 13619 prime?
True
Is 7253 composite?
False
Is 149207 composite?
True
Is 454373 a composite number?
True
Is 373379 a prime number?
True
Is 87727 a composite number?
True
Is 1598327 a composite number?
False
Is 8501 a prime number?
True
Is 70787 a composite number?
True
Is 9031 prime?
False
Is 114923 a composite number?
True
Is 3460289 a composite number?
True
Is 130627 prime?
False
Is 49849 composite?
True
Is 2721 prime?
False
Is 659003 a prime number?
False
Is 244735 prime?
False
Is 33287 a prime number?
True
Is 541483 a composite number?
False
Is 62837 prime?
False
Is 553217 a prime number?
False
Is 19529 a composite number?
True
Is 1371 composite?
True
Is 438913 a composite number?
False
Is 20555 a prime number?
False
Is 956429 prime?
True
Is 44615 composite?
True
Is 7283 composite?
False
Is 15893 a prime number?
False
Is 8633 composite?
True
Is 14507 a composite number?
True
Is 292031 prime?
False
Is 15969 a composite number?
True
Is 40123 composite?
False
Is 233 prime?
True
Is 274739 a composite number?
False
Is 130799 a composite number?
True
Is 38039 a composite number?
False
Is 977 a composite number?
False
Is 5249 composite?
True
Is 30671 a composite number?
False
Is 3313 prime?
True
Is 931273 prime?
False
Is 85193 prime?
True
Is 35761 a composite number?
True
Is 233641 a prime number?
True
Is 16237 a prime number?
False
Is 16619 composite?
False
Is 55951 composite?
True
Is 52259 a prime number?
True
Is 93361 composite?
True
Is 5509 a prime number?
False
Is 197333 a composite number?
True
Is 21389 prime?
False
Is 751 prime?
True
Is 606709 a prime number?
False
Is 154834 prime?
False
Is 5939 a prime number?
True
Is 2371 composite?
False
Is 838553 a prime number?
True
Is 1025327 a prime number?
True
Is 1601 a composite number?
False
Is 76991 a prime number?
True
Is 76862 a prime number?
False
Is 707 a composite number?
True
Is 1338923 prime?
True
Is 1874 prime?
False
Is 19121 a composite number?
False
Is 8371 composite?
True
Is 8849 composite?
False
Is 787 prime?
True
Is 166987 prime?
True
Is 171497 prime?
False
Is 3033053 composite?
False
Is 35759 a composite number?
False
Is 509114 prime?
False
Is 138313 prime?
False
Is 74446 a composite number?
True
Is 194302 a prime number?
False
Is 36523 a prime number?
True
Is 16603 a prime number?
True
Is 16706 prime?
False
Is 2435 prime?
False
Is 599779 a composite number?
False
Is 4153 prime?
True
Is 30461 composite?
True
Is 142711 a composite number?
False
Is 31877 composite?
True
Is 258197 a prime number?
True
Is 41879 a composite number?
False
Is 111415 a prime number?
False
Is 3488365 a prime number?
False
Is 268069 a composite number?
False
Is 9617 a composite number?
True
Is 42305 a prime number?
False
Is 396311 a prime number?
True
Is 22189 a composite number?
False
Is 3369 a composite number?
True
Is 924503 a prime number?
True
Is 165259 composite?
True
Is 34179 composite?
True
Is 25178 prime?
False
Is 639983 a composite number?
False
Is 85543 a prime number?
False
Is 208733 a composite number?
True
Is 89347 composite?
True
Is 37463 a composite number?
False
Is 1076794 a prime number?
False
Is 2053 a composite number?
False
Is 1385 a prime number?
False
Is 371 prime?
False
Is 33443 a prime number?
False
Is 21041 composite?
True
Is 10763 composite?
True
Is 12131 prime?
False
Is 154109 composite?
True
Is 317327 prime?
True
Is 127051 composite?
False
Is 130762 prime?
False
Is 20143 prime?
True
Is 1373959 a prime number